by f.
15
Suppose o + 34 = 3*o + 5*z, -4*z = -5*o + 19. Suppose -s + 0 = -5. Suppose -s*r + 4*p = -p - 95, 0 = -2*p + 2. What is the remainder when r is divided by o?
6
Let r(o) = 3*o - 27. Let i(d) = -d + 9. Let t(p) = 17*i(p) + 6*r(p). Let u be t(11). Suppose -68 = -u*z - 0*z. Calculate the remainder when z is divided by 12.
10
Suppose 154 = 6*i - 4*b, -31 = 4*i - 5*i - 2*b. Calculate the remainder when i is divided by 14/4*4/2.
6
Let c(s) = -2*s**2 - 66*s - 221. What is the remainder when 65 is divided by c(-29)?
10
Suppose -3*c - 6 = 0, k + 7 = 2*c - 52. Let w = k - -87. Calculate the remainder when 64 is divided by w.
16
Suppose -5*l + 16 = -l. Suppose 2*r + 4*h + 3 = 5, r = l*h + 25. Let b(w) = -7*w + 7. Calculate the remainder when b(-5) is divided by r.
6
Suppose 3*d + 5*l - l = 303, -2*d - 3*l = -202. What is the remainder when 317 is divided by d?
14
Let q(b) = b**2 - b + 3. Let h be q(0). Suppose 98*z = 88*z + 880. Suppose g - 34 = -n, -2*g - n + z = -h*n. Calculate the remainder when g is divided by 10.
9
Suppose -4 - 5 = -g. Let n be (-2 - -18) + -1 - (2 + 0). Let b = n + 13. What is the remainder when b is divided by g?
8
Suppose 5*p = 2*x - 2 - 3, 4*x = -3*p + 75. Calculate the remainder when 147 is divided by x.
12
Suppose -15 = -z + q - 3*q, -4*z = -2*q - 20. Let o = 236 - 234. What is the remainder when z is divided by o?
1
Suppose 3*q + 6 = -0*a - 2*a, -q = -a + 7. Let v(w) = -5*w + 2 + 2*w**2 - 2. What is the remainder when v(a) is divided by 2?
1
Let i = -53 + 63. Calculate the remainder when i is divided by (-9)/2*(-14)/21.
1
Suppose 22*g = 18*g - 2*s + 246, -126 = -2*g - 4*s. What is the remainder when g is divided by 22?
17
Let o(b) = -b**2 - 7*b - 7. Let x be o(-14). What is the remainder when (-19575)/x - 6/14 is divided by 47?
45
What is the remainder when 178 is divided by 168/420 + (-403)/(-5)?
16
Let v = 218 - 116. Let o = -85 + v. What is the remainder when 33 is divided by o?
16
Suppose -o = 2*n - 54, 5*n - 2*n - 4*o = 103. Let j = -16 - -19. Suppose j*g = 57 - 12. Calculate the remainder when n is divided by g.
14
Let s(r) be the second derivative of 3/4*r**5 + 0*r**2 + 0 + 1/6*r**3 - 11*r + 0*r**4. What is the remainder when 47 is divided by s(1)?
15
Calculate the remainder when 45 is divided by (2/3)/(36/270).
0
Let x be 30*(16/20)/(-2). Calculate the remainder when 13/5 - x/(-20) is divided by (-2)/(-2) + (0 - 0).
0
Let c(x) = -11*x**3 - 2*x**2 + 1. Let f(r) = 34*r**3 - r**2. Let o be f(-1). Let h = o + 34. What is the remainder when 38 is divided by c(h)?
8
Let p = 837 - 570. What is the remainder when p is divided by 46?
37
Let c(h) = h**2 + 2*h - 52. Let s = -2 - 1. Calculate the remainder when ((-86)/(-2))/((-3)/s) is divided by c(7).
10
Let j(r) = -2*r - 6. Let n be j(-3). Let y = n + 0. Suppose -105 = -4*p - 5*l, 3*l + 65 = 4*p - y*l. What is the remainder when 77 is divided by p?
17
Suppose -5*b + 95 = -5*c, -5*b + 98 + 42 = 4*c. Calculate the remainder when 47 is divided by b.
23
Let w = 6 - 4. Calculate the remainder when 61 is divided by 32/3*3/w.
13
Let h = -41 - -38. Let f(s) = 9*s**2 - s + 3. What is the remainder when f(h) is divided by 44?
43
Let m = 53 + -33. Calculate the remainder when 36 is divided by (1 - 2)*(0 - m).
16
Let r(v) = 4*v**3 - 15*v**2 + 9*v - 14. Calculate the remainder when r(5) is divided by 73.
10
Suppose -31 - 39 = -2*s. Let p = s - -11. Calculate the remainder when 135 is divided by p.
43
Suppose -69*a + 82*a = 17901. What is the remainder when a is divided by 92?
89
Suppose 0 = 55*k + 27*k - 5412. What is the remainder when 263 is divided by k?
65
Let b = -178 - -211. What is the remainder when 62 is divided by b?
29
Let w = 245 - 161. Let f = w + -64. Calculate the remainder when f is divided by 8.
4
What is the remainder when 14 is divided by 18 + (-2)/((-10)/(-25))?
1
Calculate the remainder when 268 is divided by 57 - -5*(-6)/10.
52
Let g(b) = -3*b**2 + 2*b. Let y be g(2). Suppose 4*j + c - 183 = 0, -28*c + 30*c + 57 = j. Calculate the remainder when j is divided by 325/20 - (-2)/y.
15
Suppose 0 = -2*a - 0 + 6. What is the remainder when 8 is divided by a?
2
Let w(c) = -2*c**3 - 4*c**2 - c + 2. Let b be w(-3). Suppose -b = 3*r + 7. Let m = 25 + r. What is the remainder when m is divided by 8?
7
Suppose -6*f = -4 - 74. Suppose 394 = 10*c - 246. Calculate the remainder when c is divided by f.
12
Let u(i) be the second derivative of i**4/12 + 2*i**3 + 3*i**2/2 + 8*i. Let p be u(-10). Let b = p - -40. What is the remainder when b is divided by 13?
10
What is the remainder when (-34244)/(-168) + 2/12 is divided by 23?
20
Suppose 12*g + 12 - 1344 = 0. What is the remainder when g is divided by 25?
11
Let t be ((-2)/(-3))/(5/60). Suppose -4*q + t = -2*q. What is the remainder when q is divided by 2?
0
Let j be -5*(21/(-4))/7*12. Let q = -32 + j. Calculate the remainder when 51 is divided by q.
12
Let z(m) = m - 1. Let h(n) = n**3 - 5*n**2 - 3*n + 8. Let p be h(4). Let w = -15 - p. Calculate the remainder when z(9) is divided by w.
3
Suppose -5 = -d, -3*n + 33 = -d - 2*d. Calculate the remainder when 58 is divided by n.
10
Let f = 51 + -30. What is the remainder when 2 - (-147)/4 - 12/(-48) is divided by f?
18
Suppose 5*y - 11*d + 9*d = 139, -5*y = -3*d - 141. Calculate the remainder when 52 is divided by y.
25
Suppose 3*o + 5*u - u = 163, -3*u - 156 = -3*o. Calculate the remainder when 316 is divided by o.
51
Let b(u) = 12*u**2 + u + 1. Let h = 98 - 61. Suppose v - 3*n = h, -4*v - n + 190 = n. What is the remainder when v is divided by b(-1)?
10
What is the remainder when (-1)/((27/(-2034))/3) is divided by 3?
1
Let z = -48 + 72. Suppose 3*d = 5*u - z, -6*d = -d - 10. Suppose 2*n - 10 = 44. Calculate the remainder when n is divided by u.
3
Suppose 0 = v - 0*v - 2. Let w(f) = -v*f + f + 7*f - 5 - f. Calculate the remainder when 44 is divided by w(4).
14
Let g = 0 + 107. Calculate the remainder when g is divided by (-6)/(-9) + 237/9.
26
Let h(r) = 33*r - 93. Let m be h(3). Let v be ((-14)/(-2))/((-1)/(-4)). Calculate the remainder when 10 is divided by m/21 + 188/v.
3
Let x = 26 - 18. Suppose -i + 3*l + 93 = 0, -i + 0*i + 125 = 5*l. Suppose -r - i = -6*r. Calculate the remainder when r is divided by x.
5
Let p(i) = 4*i**2 + i - 4. Let w(g) = -14*g + 4. Calculate the remainder when p(3) is divided by w(0).
3
Calculate the remainder when 95 is divided by 31 + -1 - (36/1)/(-9).
27
Suppose -8 = -3*h + m, 5*m - 1 = h + 1. Suppose -z + h = 1. Suppose z*b - 2*c = 28, -24 - 21 = -3*b + 2*c. Calculate the remainder when 66 is divided by b.
15
Suppose 5*v - 3*v - j = 29, -j = -3. What is the remainder when 219 is divided by v?
11
Let l(x) = 25*x + 68. Suppose 4*o - 32 - 100 = 0. What is the remainder when o is divided by l(-2)?
15
Suppose -2*l + 4*m + 109 = 3*l, -20 = -5*m. Let p = 11419 + -11412. What is the remainder when l is divided by p?
4
Let l = -1258 + 1267. Calculate the remainder when l is divided by 3.
0
Let t(s) = s + 18. Suppose 7*i + 53 - 18 = 0. What is the remainder when 22 is divided by t(i)?
9
Suppose -u - 157 = -5*d + u, 0 = 4*d + u - 123. Suppose 13*r - 17*r + 228 = 0. What is the remainder when r is divided by d?
26
Suppose 21*d - 232 - 188 = 0. What is the remainder when 48 is divided by d?
8
Suppose 3*p - 10 = -2*o + p, 2*o - 2*p = 10. Suppose 63 = o*h + g - 0*g, 4*h = -2*g + 48. Let q = 26 - 18. What is the remainder when h is divided by q?
5
Let p(c) = -c**3 - 3*c**2 + 2. Let n = -2 - 3. Calculate the remainder when n + 2 - (-2 + -34) is divided by p(-4).
15
Let o = 554 + -529. Calculate the remainder when o is divided by 8.
1
Let d(q) = 2*q + 24. Let z be d(13). Suppose 0 = 2*o - 2*f - z, -4*o - 4*f + 13 = -87. Calculate the remainder when 98 is divided by o.
23
Let s be (-1)/((-8)/36)*-4. What is the remainder when (-834)/s + 2/3 is divided by 12?
11
Let u = 140 - 132. What is the remainder when 45 is divided by u?
5
Let x(d) = d**3 + 11*d**2 + 18*d - 1. Let m be x(-9). Let k be m - (-2 + 2) - 17. Let h = k + 43. What is the remainder when 72 is divided by h?
22
Let f be 1*2/4*0. Suppose 30*a + 28*a = 0. Suppose a*p + p - 31 = f. Calculate the remainder when p is divided by 8.
7
Let w(o) = -o**2 - 4*o - 5. Let z be w(-4). What is the remainder when (z/(-